5466154?
25466157
In base 6, what is 23 - -53403543?
53404010
In base 3, what is 10020102 - 100110200211?
-100100110102
In base 9, what is -56256 - 0?
-56256
In base 16, what is -1c + 3a6e5?
3a6c9
In base 14, what is a0362c5 - 5?
a0362c0
In base 3, what is -2020012020022 + -22?
-2020012020121
In base 9, what is -2827 - -26158?
23231
In base 2, what is 111110010011101001100011101 - 100?
111110010011101001100011001
In base 2, what is 1001010011101001101100001 + -100?
1001010011101001101011101
In base 13, what is 4b36a + -3aa?
4ac90
In base 6, what is -344414 - -113034?
-231340
In base 12, what is -2332 - 5614?
-7946
In base 2, what is -1010111100010111000 - 10000010?
-1010111100100111010
In base 11, what is 229536 - -1a?
229555
In base 7, what is 1651203 - -232?
1651435
In base 16, what is -5c - 12045?
-120a1
In base 14, what is 65c - -356?
9b4
In base 7, what is 106 - -2663026?
2663135
In base 10, what is -2286677 - -6?
-2286671
In base 14, what is -4 + 88cd80?
88cd7a
In base 12, what is 714ab5 - -20?
714b15
In base 2, what is -1011100110100111011010 - 10?
-1011100110100111011100
In base 11, what is 26970299 - 8?
26970291
In base 11, what is 1448308 + -5?
1448303
In base 15, what is 8 + 5667?
5670
In base 8, what is -5 + 2167176?
2167171
In base 8, what is 162146146 - 5?
162146141
In base 15, what is 94624 - -236?
9485a
In base 6, what is -21403055 + -124?
-21403223
In base 13, what is -217b - 618?
-2796
In base 7, what is -2140653 - -30?
-2140623
In base 14, what is -193 - 177898?
-177a4b
In base 9, what is 270 - 8045?
-7665
In base 10, what is -336153 - -134?
-336019
In base 8, what is 1 + 27137632?
27137633
In base 8, what is -556374 + 216?
-556156
In base 2, what is -1011010110010000 - -11000001110?
-1010111110000010
In base 3, what is 2 + 11001210220211121?
11001210220211200
In base 4, what is 210 - 22312023?
-22311213
In base 6, what is 23130531 + -1?
23130530
In base 10, what is -164 + 253091?
252927
In base 9, what is 4883 - -116874?
122867
In base 8, what is 717 + 53146?
54065
In base 9, what is -2 - -3088104?
3088102
In base 8, what is 6664752 - -251?
6665223
In base 5, what is 0 - -14210012424?
14210012424
In base 9, what is -1045787 + -401?
-1046288
In base 15, what is -1a8dd79 - 1?
-1a8dd7a
In base 4, what is 121112013 - 1001?
121111012
In base 2, what is 10000000111 - 1110110000001111010?
-1110101110001110011
In base 3, what is -1221120221 - -100001?
-1221020220
In base 5, what is -3111302 - 134?
-3111441
In base 8, what is -21442745 - -14?
-21442731
In base 9, what is 5 + -788082?
-788076
In base 7, what is -325402 + -2423?
-331125
In base 10, what is -2 + 216863515?
216863513
In base 14, what is 986ac2d + -5?
986ac28
In base 13, what is 55b6 - 288?
532b
In base 6, what is -12244240 - 1140?
-12245420
In base 3, what is -10002010121022222 + 12?
-10002010121022210
In base 3, what is 1020122122 - 10211111?
1002211011
In base 13, what is -66a8acb + 2?
-66a8ac9
In base 10, what is -5927867 - 42?
-5927909
In base 15, what is -28b - 2ca?
-566
In base 5, what is -4210 - 11020244?
-11030004
In base 11, what is -2 + -971a9115?
-971a9117
In base 7, what is -2 + -162526614?
-162526616
In base 3, what is -1 - -22011211001111022?
22011211001111021
In base 3, what is -12021102 + 2021100?
-10000002
In base 8, what is 1504 - -10560?
12264
In base 12, what is -52a76 - 135?
-52bab
In base 2, what is -100011001010 - 101010010111100000?
-101010111010101010
In base 16, what is -a8 - cc097?
-cc13f
In base 14, what is 11b856 + -6b?
11b7c9
In base 9, what is 4662 + 11570?
16342
In base 10, what is 26 + 9195?
9221
In base 13, what is 1037a393 - 0?
1037a393
In base 15, what is -c0359 - -3d?
-c031b
In base 7, what is -1 - 1406334306?
-1406334310
In base 9, what is -5728 - 5053?
-11782
In base 9, what is -12171280 - -4?
-12171275
In base 8, what is 54 - 5066676?
-5066622
In base 11, what is 3 + -18328504?
-18328501
In base 3, what is -22 - 220122201022121?
-220122201022220
In base 11, what is 3 + 6036830?
6036833
In base 13, what is -5 + 113031b8?
113031b3
In base 2, what is -11011100001 + -111110001111011011?
-111110101010111100
In base 13, what is -146a4 + -7c?
-14753
In base 15, what is -121 - -25b2a?
25a09
In base 9, what is 64 + 2288885?
2300060
In base 12, what is 4 + 18a116?
18a11a
In base 4, what is -30330 + 2330310?
2233320
In base 14, what is -1c64 + 435?
-182d
In base 2, what is -1001110111000 - 1001001101101001?
-1010011100100001
In base 10, what is 8272 - -7586?
15858
In base 13, what is 10c0 + 81067?
82157
In base 13, what is 12788b - 5?
127886
In base 9, what is 10637 + -1867?
7660
In base 6, what is -1405440 - 13221?
-1423101
In base 15, what is -2 - 5a656c?
-5a656e
In base 9, what is 505 + 24864?
25470
In base 10, what is -9076934 + 21?
-9076913
In base 9, what is 26124 - 26106?
17
In base 3, what is 1112212220 + 21212?
1120011202
In base 11, what is -51aaa7 - -45?
-51aa62
In base 5, what is 2340412 + 22401?
2413313
In base 4, what is -2 - -21132333330033?
21132333330031
In base 2, what is -1011100001100 + -10011100?
-1011110101000
In base 12, what is 10 + -1b58558?
-1b58548
In base 2, what is 100010001110101 + 100110110101?
100111000101010
In base 12, what is 4 + -55987686?
-55987682
In base 11, what is -792095a - -1?
-7920959
In base 4, what is -113012021210110 - 11?
-113012021210121
In base 8, what is -1370 - -240421?
237031
In base 13, what is 1991 - -188?
1b49
In base 10, what is 12308 + 948?
13256
In base 15, what is 3 + 1159d48?
1159d4b
In base 9, what is 21577058 + -10?
21577048
In base 2, what is 1111000100110010011100011 + 100?
1111000100110010011100111
In base 5, what is 102021 - 32421?
14100
In base 8, what is 15540 + -2423?
13115
In base 4, what is -312012220111 - -30?
-312012220021
In base 3, what is -1101 - 2210012202011?
-2210012210112
In base 9, what is 311855 + -63?
311782
In base 12, what is 33593 - -88?
3365b
In base 15, what is -28194 - -27?
-2816c
In base 16, what is -b7 + a2682?
a25cb
In base 5, what is 222324 + 44432?
322311
In base 13, what is -13b2 - 15924?
-17006
In base 12, what is 5b7 - 64443?
-63a48
In base 14, what is -6267620 - 0?
-6267620
In base 16, what is -120 - -4b9c?
4a7c
In base 6, what is 3 - -34255033?
34255040
In base 3, what is 122222121 + -111002121?
11220000
In base 7, what is -54 + 1130253?
1130166
In base 10, what is 125212 - 42?
125170
In base 5, what is -110 - -40410244?
40410134
In base 14, what is -d59a + -bdb?
-10397
In base 5, what is -4401202 - -104211?
-4241441
In base 4, what is -312132232201013 + 2?
-312132232201011
In base 3, what is 20110120 + -1122012?
11211101
In base 10, what is 109 + 303800?
303909
In base 6, what is 13305 - -501011?
514320
In base 6, what is -2333 + 21452?
15115
In base 5, what is 32112142432 - -12?
32112142444
In base 12, what is 7a3236 + 2?
7a3238
In base 13, what is -4493 - -4a0?
-3cc3
In base 6, what is -40 + -532533335?
-532533415
In base 8, what is -244 + 2724153?
2723707
In base 15, what is 8d17 - 45e?
88a8
In base 4, what is 2 + 133323100?
133323102
In base 13, what is 1417 + 6045?
745c
In base 12, what is 1328 + -948?
5a0
In base 4, what is -113 + -203132023312?
-203132030031
In base 10, what is 37 - 1302718?
-1302681
In base 5, what is -3341224 - -1204?
-3340020
In base 12, what is 11 - -2605692?
26056a3
In base 6, what is 0 + -1333232101?
-1333232101
In base 7, what is -24 + -635314050?
-635314104
In base 8, what is -1541 - 6557?
-10320
In base 9, what is 61580 - -3644?
65334
In base 8, what is -6 - 260026431?
-260026437
In base 13, what is c7 - 428a9b?
-4289a4
In base 12, what is -81751 - -12b8?
-80455
In base 2, what is 10101 - -100101100100000000111?
100101100100000011100
In base 14, what is -11c9 + 3c?
-118b
In base 14, what is -2b5 - -6082a?
60555
In base 7, what is -55 + -6122605?
-6122663
In base 9, what is 2138114343 - -2?
2138114345
In base 16, what is -a82e + 3585?
-72a9
In base 9, what is 563 - 316658?
-316085
In base 4, what is 102032 + 1132103?
1300201
In base 7, what is 53215615 + 2?
53215620
In base 16, what is 7d52f + -b6?
7d479
In base 14, what is 28822c99 + 0?
28822c99
In base 10, what is -261474 - -597?
-260877
In base 5, what is -10 - -2030200413?
2030200403
In base 10, what is -300 + -53726?
-54026
In base 13, what is -c35b +